ainder when 4052 is divided by 1347?
11
Calculate the remainder when 8491 is divided by 2827.
10
Calculate the remainder when 268 is divided by 30.
28
What is the remainder when 107 is divided by 19?
12
What is the remainder when 166 is divided by 13?
10
What is the remainder when 66 is divided by 17?
15
What is the remainder when 11729 is divided by 170?
169
What is the remainder when 27662 is divided by 104?
102
What is the remainder when 979 is divided by 90?
79
What is the remainder when 121 is divided by 32?
25
Calculate the remainder when 7524 is divided by 14.
6
Calculate the remainder when 3228 is divided by 125.
103
What is the remainder when 148 is divided by 53?
42
What is the remainder when 123 is divided by 18?
15
What is the remainder when 555 is divided by 188?
179
Calculate the remainder when 3187 is divided by 353.
10
Calculate the remainder when 688 is divided by 74.
22
Calculate the remainder when 1442 is divided by 180.
2
Calculate the remainder when 3225 is divided by 12.
9
What is the remainder when 235 is divided by 112?
11
Calculate the remainder when 790 is divided by 66.
64
Calculate the remainder when 761 is divided by 3.
2
What is the remainder when 942 is divided by 45?
42
Calculate the remainder when 14 is divided by 3.
2
Calculate the remainder when 71 is divided by 12.
11
Calculate the remainder when 165 is divided by 12.
9
What is the remainder when 275 is divided by 44?
11
Calculate the remainder when 193 is divided by 63.
4
What is the remainder when 206 is divided by 6?
2
Calculate the remainder when 108 is divided by 37.
34
Calculate the remainder when 122 is divided by 4.
2
What is the remainder when 170 is divided by 22?
16
Calculate the remainder when 1290 is divided by 76.
74
What is the remainder when 1147 is divided by 1091?
56
What is the remainder when 1311 is divided by 204?
87
Calculate the remainder when 681 is divided by 19.
16
What is the remainder when 386 is divided by 63?
8
Calculate the remainder when 1503 is divided by 42.
33
What is the remainder when 485 is divided by 58?
21
Calculate the remainder when 91 is divided by 12.
7
Calculate the remainder when 2670 is divided by 11.
8
What is the remainder when 191 is divided by 48?
47
Calculate the remainder when 204 is divided by 9.
6
What is the remainder when 209 is divided by 44?
33
What is the remainder when 3007 is divided by 51?
49
What is the remainder when 23118 is divided by 68?
66
What is the remainder when 694 is divided by 58?
56
Calculate the remainder when 232 is divided by 83.
66
What is the remainder when 1664 is divided by 17?
15
Calculate the remainder when 203 is divided by 68.
67
Calculate the remainder when 6187 is divided by 91.
90
Calculate the remainder when 104 is divided by 57.
47
What is the remainder when 268 is divided by 74?
46
What is the remainder when 289 is divided by 72?
1
Calculate the remainder when 1064 is divided by 182.
154
What is the remainder when 21240 is divided by 86?
84
Calculate the remainder when 354 is divided by 77.
46
Calculate the remainder when 176 is divided by 49.
29
Calculate the remainder when 65 is divided by 24.
17
What is the remainder when 211 is divided by 193?
18
Calculate the remainder when 2338 is divided by 45.
43
What is the remainder when 516 is divided by 45?
21
What is the remainder when 49 is divided by 7?
0
What is the remainder when 18896 is divided by 26?
20
Calculate the remainder when 1132 is divided by 162.
160
Calculate the remainder when 57 is divided by 3.
0
Calculate the remainder when 1345 is divided by 29.
11
What is the remainder when 133 is divided by 71?
62
Calculate the remainder when 395 is divided by 7.
3
Calculate the remainder when 201 is divided by 30.
21
Calculate the remainder when 9959 is divided by 8.
7
Calculate the remainder when 1573 is divided by 8.
5
What is the remainder when 78 is divided by 41?
37
Calculate the remainder when 218 is divided by 15.
8
What is the remainder when 2435 is divided by 174?
173
Calculate the remainder when 1099 is divided by 69.
64
Calculate the remainder when 918 is divided by 28.
22
Calculate the remainder when 336 is divided by 160.
16
Calculate the remainder when 151 is divided by 8.
7
What is the remainder when 203 is divided by 12?
11
What is the remainder when 118 is divided by 59?
0
Calculate the remainder when 140 is divided by 36.
32
What is the remainder when 122 is divided by 53?
16
What is the remainder when 22 is divided by 22?
0
What is the remainder when 384 is divided by 14?
6
What is the remainder when 186 is divided by 43?
14
What is the remainder when 33 is divided by 4?
1
What is the remainder when 2485 is divided by 11?
10
Calculate the remainder when 431 is divided by 174.
83
What is the remainder when 195 is divided by 55?
30
What is the remainder when 221 is divided by 31?
4
What is the remainder when 89 is divided by 17?
4
Calculate the remainder when 880 is divided by 31.
12
What is the remainder when 1561 is divided by 46?
43
What is the remainder when 27 is divided by 11?
5
Calculate the remainder when 251 is divided by 143.
108
What is the remainder when 1230 is divided by 88?
86
What is the remainder when 11389 is divided by 16?
13
What is the remainder when 328 is divided by 155?
18
Calculate the remainder when 205 is divided by 69.
67
Calculate the remainder when 1301 is divided by 2.
1
Calculate the remainder when 82 is divided by 17.
14
Calculate the remainder when 276 is divided by 91.
3
Calculate the remainder when 2487 is divided by 497.
2
Calculate the remainder when 343 is divided by 70.
63
Calculate the remainder when 2478 is divided by 610.
38
Calculate the remainder when 6155 is divided by 55.
50
Calculate the remainder when 6858 is divided by 1714.
2
Calculate the remainder when 1160 is divided by 83.
81
Calculate the remainder when 19 is divided by 11.
8
What is the remainder when 64 is divided by 14?
8
Calculate the remainder when 142 is divided by 70.
2
What is the remainder when 86 is divided by 55?
31
Calculate the remainder when 7989 is divided by 27.
24
Calculate the remainder when 808 is divided by 101.
0
What is the remainder when 637 is divided by 298?
41
Calculate the remainder when 10494 is divided by 58.
54
Calculate the remainder when 223 is divided by 77.
69
Calculate the remainder when 591 is divided by 47.
27
Calculate the remainder when 78 is divided by 47.
31
What is the remainder when 2547 is divided by 28?
27
What is the remainder when 89 is divided by 14?
5
What is the remainder when 2754 is divided by 4?
2
What is the remainder when 16878 is divided by 10?
8
What is the remainder when 4841 is divided by 255?
251
Calculate the remainder when 58693 is divided by 195.
193
Calculate the remainder when 147 is divided by 16.
3
Calculate the remainder when 1437 is divided by 120.
117
Calculate the remainder when 1534 is divided by 715.
104
What is the remainder when 714 is divided by 226?
36
Calculate the remainder when 788 is divided by 53.
46
Calculate the remainder when 287 is divided by 48.
47
What is the remainder when 6884 is divided by 237?
11
What is the remainder when 305 is divided by 81?
62
Calculate the remainder when 560 is divided by 184.
8
What is the remainder when 132 is divided by 26?
2
What is the remainder when 1274 is divided by 333?
275
What is the remainder when 153 is divided by 48?
9
What is the remainder when 999 is divided by 261?
216
What is the remainder when 77 is divided by 70?
7
Calculate the remainder when 839 is divided by 8.
7
What is the remainder when 21130 is divided by 17?
16
Calculate the remainder when 59 is divided by 31.
28
What is the remainder when 343 is divided by 29?
24
Calculate the remainder when 134 is divided by 48.
38
Calculate the remainder when 19697 is divided by 21.
20
What is the remainder when 387 is divided by 56?
51
What is the remainder when 1615 is divided by 180?
175
What is the remainder when 784 is divided by 38?
24
What is the remainder when 349 is divided by 123?
103
What is the remainder when 898 is divided by 208?
66
Calculate the remainder when 5037 is divided by 30.
27
Calculate the remainder when 90 is divided by 42.
6
Calculate the remainder when 204 is divided by 41.
40
Calcu